ppose 48 = -m*l + 6*l. Let n = 4 + l. What is the greatest common divisor of 20 and n?
20
Suppose -67 - 109 = -4*s. Let r be (-8)/44 - (-324)/(-33). Let j = r + 21. What is the highest common factor of s and j?
11
Let s be 12204/648 + 5*2/(-12). Suppose 2*v - 12 - 34 = -2*k, k - v = 31. What is the greatest common divisor of k and s?
9
Let v = 7 + 99. Calculate the highest common factor of 583 and v.
53
Let c(n) = -3*n + 0*n**2 + 9*n - n**2 + 4. Let r = 0 - -5. Let i be c(r). What is the highest common factor of i and 63?
9
Let m = -16 - -19. Suppose -m*h = -21 - 69. Suppose -i + 0*l + 3 = -3*l, 0 = -5*i - 5*l + 35. What is the highest common divisor of i and h?
6
Let y(z) = 2*z + 88. Let f be (-2)/4 + (-4)/(-8). Let g be y(f). Calculate the greatest common divisor of g and 11.
11
Let u = 294 + -185. Let q = 145 - u. What is the greatest common factor of 60 and q?
12
Suppose -5*d - 4*n + 41 = 0, -3*d + 5*n + 0 = 5. Let k = 22 - d. What is the highest common factor of k and 68?
17
Let w = 187 + -110. Suppose -23 = 2*j - w. Suppose -2*b - b + j = 0. Calculate the highest common factor of 9 and b.
9
Suppose -3*x + 5*u - 3*u = -2, 4*u - 32 = -3*x. Suppose -3 = -m + x*r - 1, 0 = 2*m + 2*r - 4. What is the greatest common factor of m and 6?
2
Let s(o) = -o**2 - 7*o + 8. Let g be s(-7). Calculate the highest common divisor of g and 28.
4
Let k = -106 - -47. Let z = k + 101. What is the greatest common factor of 12 and z?
6
Let c be (-117)/(4/24*-6). Calculate the highest common factor of 27 and c.
9
Suppose 3*g + d - 38 = 0, 0 = -3*g - 12*d + 8*d + 26. What is the highest common divisor of 574 and g?
14
Let t be 6 + -2*(1 + -4). Suppose k - 396 = -2*k. What is the greatest common factor of t and k?
12
Let r be (234 - -1) + (-18)/90*5. Calculate the highest common divisor of 26 and r.
26
Suppose -6*t + 2 = -118. Suppose -5*v = -t, 9*i - 504 = 4*i + 4*v. Calculate the greatest common divisor of i and 13.
13
Suppose 0 = -37*w - 44 + 1043. What is the highest common divisor of 21 and w?
3
Suppose 3*i - 2 = -s + 22, 2*s = -6. Let j = i + 21. Let z(g) = -5*g. Let o be z(-2). What is the highest common divisor of o and j?
10
Suppose 3*m = -5*r + 308, 0*r = -4*r + 5*m + 276. Let p be (48/r)/((-3)/(-8)). Suppose 22 = 3*g - p. Calculate the highest common divisor of g and 20.
4
Let y be 23/8 - (-30)/240. Calculate the greatest common factor of y and 237.
3
Let n(o) = 1 + 3112*o - 3117*o + 4. Let w be n(-7). Let j(s) = s**3 + 3*s**2 + s + 4. Let b be j(4). Calculate the greatest common factor of b and w.
40
Suppose 0 = 4*l + 4*b + 4, 3*b - 2*b = 3*l + 7. Let d = 59 + l. What is the highest common factor of d and 38?
19
Let w(v) = v**3 + 8*v**2 - 2*v - 13. Let a be w(-8). What is the greatest common divisor of a and 51?
3
Suppose -2*b + 1 = -1. Let k(o) = 18*o + 15. Let y be k(4). Let l = 97 - y. Calculate the greatest common factor of l and b.
1
Let p = 44 + 91. Let j be (0 - -2)/(1 - 2). Let t = j + 29. Calculate the highest common divisor of p and t.
27
Let g(u) be the second derivative of -3*u**3/2 + 3*u. Let w be g(-1). Suppose -b + 6*b - 135 = 0. Calculate the greatest common factor of w and b.
9
Suppose 0*u + 4*u = 68. Suppose 36*g + 683 = 3*w + 32*g, -457 = -2*w + 3*g. Calculate the highest common factor of w and u.
17
Let o(w) = 38*w**3 - 5*w**2 + 3*w + 7. Let t be o(2). Calculate the highest common divisor of t and 54.
27
Let m = 91 + -51. Suppose -v + 2*k + 231 = -211, 0 = v - k - 441. Calculate the highest common factor of v and m.
40
Let v = 139 + -94. Suppose 4*o - 2*j = 124, -3*j = -o - 6*j + v. Calculate the highest common divisor of o and 165.
33
Let o = 17 - -4. Let a = -54 + 56. Suppose -9*v + a*v = -441. Calculate the highest common divisor of v and o.
21
Let i(h) = -20*h + 244. Let s be i(6). What is the greatest common divisor of 31 and s?
31
Suppose -3*w + 1 = -4*w - 4*k, 0 = -4*w + 4*k + 16. Let d be 11 - (w + -7)*-1. Calculate the highest common factor of d and 14.
7
Let w(s) = s**2 - 4*s + 3. Let g be w(3). Suppose 4*a - 3*i - 143 = g, 0 = -5*a - 0*i + i + 176. Calculate the highest common divisor of 280 and a.
35
Suppose 0 = 3*j - 2*j - 4. Let w be 22 + j/(-3 - -7). What is the greatest common factor of 69 and w?
23
Suppose 3*n + 109 = 2*x + 2*n, 0 = 2*x - 2*n - 108. Calculate the highest common factor of x and 220.
55
Suppose -6*i + 2*i = 0. Suppose 4*z = -i*z + 20. Let g be 189/36 - 1/4. What is the highest common divisor of g and z?
5
Let u be 5*(-32)/(-560) + 1564/14. What is the highest common divisor of u and 464?
16
Suppose 0 = 5*a + 15, 2*f + a = -f - 3. Suppose 2*i + f - 2 = 0, 2*q = 4*i + 48. What is the greatest common divisor of 104 and q?
26
Let b = -12 - -14. Suppose 0 = p - 68 - b. Suppose 5*i = -5*j + p, 4*j + 31 = 4*i - 57. Calculate the greatest common divisor of i and 72.
18
Let y be 8/(-2 + (-6 - -3) + 7). Suppose -y - 8 = -p. What is the greatest common factor of 18 and p?
6
Let i(d) be the third derivative of d**4/8 + d**3/6 - 2*d**2. Let q be i(3). Suppose 13*k = 16*k - 270. What is the greatest common factor of k and q?
10
Let z be 767/5 - (-15)/25. What is the greatest common factor of 22 and z?
22
Suppose -6*h - 324 = -15*h. What is the greatest common factor of h and 99?
9
Suppose -p + 13 = -4*m, -1 = 2*m + 4*p + 1. Let f be (7 + m)/(-2) + 0 + 29. Calculate the highest common factor of 54 and f.
27
Let m be ((-50)/(-15))/((-6)/(-9)). Suppose 52 = -0*y + 4*y - m*d, 3*y + 2*d - 39 = 0. Calculate the greatest common divisor of y and 91.
13
Suppose 30 + 40 = 5*c. Let m be 4 - (-567)/6 - 2/4. What is the greatest common factor of c and m?
14
Let d(k) = -k**3 + 9*k**2 + 4*k - 1. Let u be (18/(-10))/(2/(-10)). Let y be d(u). What is the highest common divisor of y and 14?
7
Let t = 5 - 12. Let u = t + 13. Let k be -7 + u + (-40)/(-2). What is the greatest common divisor of k and 19?
19
Let q be (-2)/((-2)/((-9)/(6/(-2)))). Let d be 2 - ((q - 14) + 5). What is the highest common divisor of d and 56?
8
Suppose 3*o + 3*k - 236 = 4*k, 5*o + 3*k = 370. Suppose 0*y = 10*y. Suppose -6*a + 42 = -y*a. Calculate the highest common divisor of a and o.
7
Let g(u) = -22*u + 238. Let z be g(10). Suppose 0*n = 4*n - 504. Calculate the greatest common divisor of n and z.
18
Suppose -3*w + 42 = w + 2*t, w - 3 = t. Let v = w - 6. Suppose v*u + 0*u - 44 = 0. Calculate the highest common factor of 88 and u.
22
Let h be (-3 + 6)/(-2 + (-182)/(-88)). Calculate the highest common divisor of 4 and h.
4
Let m(l) = -21*l + 589. Let a be m(9). What is the highest common divisor of a and 32?
16
Let g = 14 - -61. Suppose 0 = 4*f + 11 - 3. Let u be (g/(-45))/(f/42). What is the greatest common divisor of u and 14?
7
Let o(d) = -d + 13. Let a = -47 - -36. Let f be o(a). Calculate the greatest common divisor of f and 48.
24
Let a be 4/(-10) - 377/(-5). Suppose 2*i = 3*i - 30. What is the greatest common divisor of i and a?
15
Let s be 305 - (-2 + (-24)/(-4)). Calculate the highest common divisor of s and 43.
43
Suppose 12 = 4*g - g, -469 = -5*r - g. Let i = r + -38. Calculate the greatest common divisor of 5 and i.
5
Let y(o) = -o**3 + 4*o**2 - o + 4. Let j be y(4). Suppose -4*s = -j*s - 128. Calculate the highest common divisor of s and 16.
16
Suppose -2*s + 280 = 5*s. Suppose 5*j + 4*p = s + 58, 0 = 3*p + 9. Calculate the highest common factor of j and 55.
11
Suppose 2*c - x + 3 = 0, -3*x = -6*x - 9. Let s(i) = -43*i - 14. Let w be s(c). What is the greatest common divisor of 23 and w?
23
Let w(m) = m**3 - 2*m**2 - 4*m - 7. Let v be w(5). Let r = -36 + v. What is the highest common factor of 9 and r?
3
Suppose -72*i + 24 = -69*i. What is the highest common factor of i and 52?
4
Let r be -2*(1 - (-18)/(-4)). What is the highest common factor of r and 217?
7
Let f(l) = l**2 + 5*l. Let n be f(-6). Let z(q) = q**3 - q**2 + 6*q - 4. Let a be z(n). Let i = 362 - a. What is the greatest common factor of i and 15?
15
Let p be (-3)/(-2 + 3) + 84. Let t = 31 + -22. Calculate the greatest common divisor of t and p.
9
Suppose -19*j = -21*j + 32. Suppose j = 4*r - 32. Calculate the greatest common factor of r and 48.
12
Suppose 85*m = 823 + 962. What is the highest common factor of 69 and m?
3
Let j(w) = w**2 + 25*w - 82. Let q be j(-28). What is the hi